actor of m and j.
9
Let t(y) = 48 - 3*y - 2 - 22. Let i be t(6). Calculate the greatest common divisor of 27 and i.
3
Let q be 5 + (-2986)/((-1 - -6) + (-34)/6). Calculate the greatest common factor of q and 472.
236
Let k(u) = -6*u + 1. Let x be k(-6). Let q = -673526 + 673600. What is the greatest common factor of q and x?
37
Suppose 4*h = 2*l - 12, -2*l = 3*l + 2*h - 6. Suppose -3*t + 50 + 91 = 5*f, -f + l*t + 23 = 0. Let x = f + -18. What is the highest common factor of x and 36?
9
Let n be -17 + 19 - (-3 - 1). Let z be (0 - 8/(-12))/(1/n). Suppose -13 = -z*r - 1. Calculate the greatest common factor of 21 and r.
3
Let o(h) = -h**3 - 41*h**2 - 404*h - 13. Let c be o(-16). Calculate the highest common factor of 30 and c.
3
Let a(i) = -32*i - 2. Let h be a(-1). Suppose 10*w - 4*w = 216. Suppose -w = -2*b - b. What is the highest common factor of b and h?
6
Let v(b) = 19*b**2 - 104*b - 50. Let w be v(-17). What is the highest common factor of 356 and w?
89
Suppose -g - r + 3 = 9, r - 34 = 4*g. Let x be g/60 + (-128)/(-60). Calculate the greatest common factor of x and 122.
2
Let m = 164 - -23. Suppose -i = -18*i + m. Calculate the greatest common divisor of 1 and i.
1
Suppose 57480*x - 41262 = 57454*x. Calculate the greatest common factor of x and 3.
3
Let j be 6000/(-1250)*(-10)/6. Calculate the highest common factor of 4168 and j.
8
Let k(q) = 3*q**2 - 4*q - 11. Let a(v) = -5*v**2 + 9*v + 21. Let z(d) = -4*a(d) - 7*k(d). Let h be z(-3). Calculate the highest common divisor of h and 296.
8
Let i = -525 + 531. Suppose -47*w + i*w = -164. Calculate the highest common factor of 52 and w.
4
Let d(a) = 5*a**2 - 52*a + 198. Let p be d(9). What is the greatest common factor of p and 24?
3
Let r(t) = t**3 + 4*t**2 + 2*t - 3. Let p be r(-3). Let w be (-4)/12*(p - -6). Let n be (-4)/6*(0 + 75/w). Calculate the highest common factor of n and 50.
25
Suppose 4*v = 3*c + 16 + 23, -3*v = -2*c - 28. Suppose -2*o - 37 = 7. Let k be (-1 - ((8 - 5) + o))*3. Calculate the greatest common factor of k and v.
6
Suppose -4*l + 4*c + 9015 + 953 = 0, 0 = -4*l + 3*c + 9969. Calculate the greatest common divisor of 3 and l.
3
Suppose -5*p - 3*a + 738 = 0, -5*p - 13*a = -14*a - 754. Calculate the highest common factor of p and 9825.
75
Suppose 37*v - 5 = 38*v - 3*q, -2*v = -2*q - 38. Let y(b) = -4*b**3 - 3*b**2 - 3*b + 3. Let d be y(-3). Calculate the greatest common factor of v and d.
31
Suppose -4*j - t + 3 = 0, -3*j + 0*t = 4*t - 12. Suppose j = 4*s + 3*d - 100, -5*s - 2*d + 125 = -3*d. What is the highest common factor of s and 175?
25
Suppose c - 3*x = -0*x - 8, -2*c - 2*x = -8. Calculate the greatest common divisor of c and 617.
1
Suppose 14*z = 19*z - 1840. Let u(v) = -2 - 26*v**3 + 0 - 6*v**2 + 25*v**3 - 8*v. Let o be u(-6). What is the highest common divisor of z and o?
46
Let s(o) = 186*o**3 + o**2 + 4*o - 6. Let n be s(1). Let u = -6 - -11. What is the greatest common factor of u and n?
5
Suppose 4*w + 2360 = -4*g, -3*g - 2*w - 660 = 1114. Let j = 1239 + g. What is the greatest common factor of 43 and j?
43
Let u be (-10908)/(-144) + 3/(-4). Let r = 552 + u. Calculate the highest common divisor of 11 and r.
11
Let y = 1238 - 1243. Let c(f) = -36 + 12*f - 24*f - 3. Let d be c(y). What is the highest common factor of 7 and d?
7
Suppose 2*l + 1530 + 138 = 2*c, l - 3316 = -4*c. Let s = -810 + c. Calculate the highest common divisor of s and 600.
20
Let u(z) = 52*z - 1. Let v be u(7). Suppose -83 = 4*r - v. Suppose 700 = -133*s + 183*s. What is the highest common divisor of s and r?
14
Let r(d) = d**3 + 8*d**2 - 2*d - 13. Let v be r(-6). Suppose 2*k - n = v, -2*k + 2*n + n + 69 = 0. What is the highest common factor of k and 36?
36
Let o(v) = v**2 + 2*v + 149. Let u be o(0). Let n = 157 - u. Calculate the highest common factor of n and 32.
8
Suppose -5*f + 9 = 5*g - 1, f - 10 = 3*g. Suppose f*z + 288 = 22*z. Suppose d = -d + 288. Calculate the highest common factor of z and d.
16
Let r = -198 + 438. Let f = -8 + -2. Let q(n) = -n**3 - 9*n**2 - 2*n - 24. Let y be q(f). What is the greatest common divisor of y and r?
48
Suppose 28*n - 16 = 26*n - 5*f, -5*n = 2*f - 61. Let q(i) = i**3 - 13*i**2 - i + 34. Let g be q(n). What is the greatest common factor of g and 28?
7
Suppose -5*x + 187 = 2*c, 2*x + 49*c = 48*c + 74. Let g = 115 + -11. Calculate the highest common factor of x and g.
13
Let z = -24446 + 50001. What is the greatest common divisor of z and 95?
95
Let i = -3178 - -3466. What is the greatest common factor of i and 81?
9
Let c = -10055 + 10814. Calculate the highest common divisor of c and 132.
33
Suppose -10*t + 3*t = -21. Suppose -5*n = -5*r - 95, -t*r + 41 = 2*n - 8*r. Calculate the greatest common factor of n and 114.
6
Let r(u) = 0*u + 13*u**2 + 3*u - 2*u. Let w be r(-1). Suppose 1134 = -8746338*o + 8746716*o. Calculate the highest common factor of w and o.
3
Suppose 4*p + 30 = 5*t, -9*t + 14*t = p + 30. What is the greatest common divisor of t and 74?
2
Suppose -52 = -f - 4*r, 2*f + 5*r = 7*f - 235. Let y(z) = -44*z**2 + f*z**2 - 17 + 7*z - 14. Let c be y(6). Calculate the highest common factor of c and 31.
31
Suppose 4*a - 2900 = -2*x, 12*a + 1450 = 14*a - 2*x. What is the highest common divisor of 275 and a?
25
Let t(p) = 5*p**2 - 5*p + 19. Let u be t(-14). Suppose -24*l + 803 + u = 0. What is the highest common factor of 156 and l?
78
Suppose -18*d = -21*d - 5*r + 389, -16 = -4*r. Let i = d - 111. Let p(v) = v + 13. Let b be p(-9). Calculate the highest common factor of i and b.
4
Let i be (9 - 12/(12/7)) + 16. Let b be (1 - -1) + 6/(-3). Suppose -5*o + b*l = 4*l - 57, 3*l = 3*o - i. What is the greatest common divisor of o and 1?
1
Let u(d) = d + 9. Suppose 73 - 23 = -5*z. Let p be u(z). Let g be p/((-21)/(-22) + -1). What is the greatest common factor of g and 2?
2
Suppose 72*u - 2*l - 8 = 71*u, 0 = 2*u + 3*l - 16. Let n = -58 + 146. Calculate the greatest common factor of u and n.
8
Let j = 20744 + -13465. Calculate the greatest common divisor of j and 58.
29
Let z = 87 + -154. Let r = -71 - z. Let p be 46 - (-2 - (r - -1)). What is the greatest common factor of 9 and p?
9
Let o be (486/4)/(414/1656). Calculate the highest common factor of 1728 and o.
54
Let i be -3 + 2 + 7*23. Let c(g) = g**2 - g + 20. Let b = 72 + -72. Let p be c(b). What is the highest common factor of i and p?
20
Let s(y) = 3*y - 20. Suppose -2*g + 0*g - 100 = -5*l, -g = 2*l - 40. Let r be s(l). What is the greatest common factor of r and 32?
8
Let a be (-4)/(24/27)*-22. Let n = -101 - -105. Let g be 1/2 + (-14)/n - -12. Calculate the highest common factor of g and a.
9
Let d be 1115/(-20) + 18/(-8) + 2. Let f = -31 - d. Suppose -w - 3 + 13 = 0. Calculate the greatest common factor of f and w.
5
Let n(s) = s**3 + 4*s**2 - 5*s - 2. Let u be n(-4). Let q = 287 - 341. Let l be (-5 + -23)*1*q/21. Calculate the highest common divisor of u and l.
18
Let v be (-20)/50 + -2 + (-1242)/(-5). Let g = 348 - v. Let u(l) = -8*l + 12. Let f be u(-7). Calculate the greatest common factor of g and f.
34
Let c(b) = 58*b + 398. Let j be c(-5). Let n be 21831/152 - (1 - 33/24). Calculate the highest common factor of j and n.
36
Suppose -r - 107 = -5*o, 41 = -2*o - 5*r + 100. Let i be ((-198)/(-12))/(186/184 + -1). What is the highest common divisor of i and o?
22
Let r(m) = -m + 5. Let v be r(3). Suppose v*w - 10 = -12. Let a be (4 - (w + 5)) + 15. Calculate the highest common factor of 15 and a.
15
Let o(c) = -92*c + 9. Let l(y) = 0 - 2*y - 1 + 3*y. Let k(a) = -4*l(a) - o(a). Let n be k(3). What is the highest common divisor of 37 and n?
37
Let n be (369/(-246))/(-1 + 14/12). Let c(z) = -z**2 + 88. Let y be c(n). Calculate the highest common factor of y and 63.
7
Let s = -1395 - -976. Let u = s - -496. What is the highest common divisor of u and 616?
77
Let x(k) = -k**2 + 9*k - 6. Let s be x(7). Let r = -113 + 110. Let p be 12/r*-1*(3 + -2). What is the greatest common divisor of s and p?
4
Let a(x) = 11*x - 1. Let v be a(-3). Let w be v/(-6) + (-8)/(-24). Let h(s) = s**2 + 13*s - 32. Let f be h(-17). What is the highest common divisor of w and f?
6
Let r be (34/8 - (-2)/8)*2. Let b(z) = z**3 - 8*z**2 + 27*z - 191. Let g be b(r). What is the greatest common factor of 38 and g?
19
Suppose